{"id":3392,"date":"2016-02-01T20:29:48","date_gmt":"2016-02-01T19:29:48","guid":{"rendered":"https:\/\/www.ociohogar.com\/blog\/?page_id=3392"},"modified":"2016-02-25T20:05:35","modified_gmt":"2016-02-25T19:05:35","slug":"marta-fernandez-gomez","status":"publish","type":"page","link":"https:\/\/www.ociohogar.com\/blog\/interioristas\/marta-fernandez-gomez","title":{"rendered":"Marta Fern\u00e1ndez G\u00f3mez"},"content":{"rendered":"<figure id=\"attachment_3394\" aria-describedby=\"caption-attachment-3394\" style=\"width: 300px\" class=\"wp-caption alignleft\"><a href=\"https:\/\/www.ociohogar.com\/blog\/wp-content\/uploads\/2016\/01\/AUTORETRATO-FOTO-PERFIL-1.jpg\"><img decoding=\"async\" loading=\"lazy\" class=\"size-medium wp-image-3394\" src=\"https:\/\/www.ociohogar.com\/blog\/wp-content\/uploads\/2016\/01\/AUTORETRATO-FOTO-PERFIL-1-300x300.jpg\" alt=\"Interiorista Marta Fern\u00e1ndez G\u00f3mez\" width=\"300\" height=\"300\" srcset=\"https:\/\/www.ociohogar.com\/blog\/wp-content\/uploads\/2016\/01\/AUTORETRATO-FOTO-PERFIL-1-300x300.jpg 300w, https:\/\/www.ociohogar.com\/blog\/wp-content\/uploads\/2016\/01\/AUTORETRATO-FOTO-PERFIL-1-150x150.jpg 150w, https:\/\/www.ociohogar.com\/blog\/wp-content\/uploads\/2016\/01\/AUTORETRATO-FOTO-PERFIL-1.jpg 800w\" sizes=\"(max-width: 300px) 100vw, 300px\" \/><\/a><figcaption id=\"caption-attachment-3394\" class=\"wp-caption-text\">Interiorista Marta Fern\u00e1ndez G\u00f3mez<\/figcaption><\/figure>\n<p>&nbsp;<\/p>\n<p><strong>Graduada en dise\u00f1o de interiores.<\/strong> Estudi\u00f3 dise\u00f1o web y multimedia en Pamplona, tras terminar complet\u00f3 sus estudios con cursos de dise\u00f1o y multimedia aplicadas a la comunicaci\u00f3n, 3DTUDIO MAX, dise\u00f1o y maquetaci\u00f3n \u00a0Indesign, gesti\u00f3n de color, dise\u00f1o de muebles por ordenador adem\u00e1s de un grado superior en Dise\u00f1o de interiores el Logro\u00f1o.<\/p>\n<p>&nbsp;<\/p>\n<p><strong>Realizaci\u00f3n de proyectos en:<\/strong><\/p>\n<p>Marta vive en <a title=\"Logro\u00f1o\" href=\"http:\/\/www.xn--logroo-0wa.es\/\" target=\"_blank\">Logro\u00f1o<\/a>\u00a0y\u00a0colabora con OcioHogar realizando proyectos de interiorismo y ayud\u00e1ndote a elegir los muebles para tu hogar\u00a0en\u00a0Logro\u00f1o.<br \/>\n<iframe loading=\"lazy\" style=\"border: 0;\" src=\"https:\/\/www.google.com\/maps\/embed?pb=!1m18!1m12!1m3!1d94169.57851866276!2d-2.511894670523067!3d42.474556441316295!2m3!1f0!2f0!3f0!3m2!1i1024!2i768!4f13.1!3m3!1m2!1s0xd5aab3d6bfe8ea7%3A0x404f58273cacd90!2sLogro%C3%B1o%2C+La+Rioja!5e0!3m2!1ses!2ses!4v1453991371285\" width=\"600\" height=\"450\" frameborder=\"0\" allowfullscreen=\"allowfullscreen\"><\/iframe><\/p>\n<p><strong>Proyectos de Marta Fern\u00e1ndez G\u00f3mez:\u00a0<\/strong><\/p>\n<figure id=\"attachment_3403\" aria-describedby=\"caption-attachment-3403\" style=\"width: 150px\" class=\"wp-caption alignleft\"><a href=\"https:\/\/www.ociohogar.com\/blog\/proyectos-interiorismo\/proyecto-de-tostador\"><img decoding=\"async\" loading=\"lazy\" class=\"wp-image-3403 size-thumbnail\" src=\"https:\/\/www.ociohogar.com\/blog\/wp-content\/uploads\/2016\/01\/05.-T-FACHADA-150x150.jpg\" alt=\"TOSTAD\u00b4OR\" width=\"150\" height=\"150\" \/><\/a><figcaption id=\"caption-attachment-3403\" class=\"wp-caption-text\">TOSTAD\u00b4OR<\/figcaption><\/figure>\n<figure id=\"attachment_3404\" aria-describedby=\"caption-attachment-3404\" style=\"width: 150px\" class=\"wp-caption alignleft\"><a href=\"https:\/\/www.ociohogar.com\/blog\/wp-content\/uploads\/2016\/01\/06.-T.-INTE-1.jpg\"><img decoding=\"async\" loading=\"lazy\" class=\"size-thumbnail wp-image-3404\" src=\"https:\/\/www.ociohogar.com\/blog\/wp-content\/uploads\/2016\/01\/06.-T.-INTE-1-150x150.jpg\" alt=\"Cafeter\u00eda en Logro\u00f1o\" width=\"150\" height=\"150\" \/><\/a><figcaption id=\"caption-attachment-3404\" class=\"wp-caption-text\">Cafeter\u00eda en Logro\u00f1o<\/figcaption><\/figure>\n<figure id=\"attachment_3405\" aria-describedby=\"caption-attachment-3405\" style=\"width: 150px\" class=\"wp-caption alignleft\"><a href=\"https:\/\/www.ociohogar.com\/blog\/wp-content\/uploads\/2016\/01\/07.-T.-INTE-2.jpg\"><img decoding=\"async\" loading=\"lazy\" class=\"size-thumbnail wp-image-3405\" src=\"https:\/\/www.ociohogar.com\/blog\/wp-content\/uploads\/2016\/01\/07.-T.-INTE-2-150x150.jpg\" alt=\"Interior del local\" width=\"150\" height=\"150\" \/><\/a><figcaption id=\"caption-attachment-3405\" class=\"wp-caption-text\">Interior del local<\/figcaption><\/figure>\n<figure id=\"attachment_3406\" aria-describedby=\"caption-attachment-3406\" style=\"width: 150px\" class=\"wp-caption alignleft\"><a href=\"https:\/\/www.ociohogar.com\/blog\/wp-content\/uploads\/2016\/01\/08.-T.-INTE-3.jpg\"><img decoding=\"async\" loading=\"lazy\" class=\"size-thumbnail wp-image-3406\" src=\"https:\/\/www.ociohogar.com\/blog\/wp-content\/uploads\/2016\/01\/08.-T.-INTE-3-150x150.jpg\" alt=\"Logo del establecimiento\" width=\"150\" height=\"150\" \/><\/a><figcaption id=\"caption-attachment-3406\" class=\"wp-caption-text\">Logo del establecimiento<\/figcaption><\/figure>\n<figure id=\"attachment_3409\" aria-describedby=\"caption-attachment-3409\" style=\"width: 150px\" class=\"wp-caption alignleft\"><a href=\"https:\/\/www.ociohogar.com\/blog\/proyecto-pequelandia-en-logrono\"><img decoding=\"async\" loading=\"lazy\" class=\"wp-image-3409 size-thumbnail\" src=\"https:\/\/www.ociohogar.com\/blog\/wp-content\/uploads\/2016\/01\/041.PEQUELANDIA-NORTE-2-150x150.jpg\" alt=\"Fachada de la guarder\u00eda\" width=\"150\" height=\"150\" \/><\/a><figcaption id=\"caption-attachment-3409\" class=\"wp-caption-text\">Fachada de la guarder\u00eda<\/figcaption><\/figure>\n<p>&nbsp;<\/p>\n<p>&nbsp;<\/p>\n<p>&nbsp;<\/p>\n<p>&nbsp;<\/p>\n<p>&nbsp;<\/p>\n<p>&nbsp;<\/p>\n<p>&nbsp;<\/p>\n<p>&nbsp;<\/p>\n<p>&nbsp;<\/p>\n<p>&nbsp;<\/p>\n<p>&nbsp;<\/p>\n<p>&nbsp;<\/p>\n<p>&nbsp;<\/p>\n<p>&nbsp;<\/p>\n<p><strong>Conoce a Marta Fern\u00e1ndez G\u00f3mez al detalle:<\/strong><\/p>\n<p><strong>OcioHogar- \u00bfC\u00f3mo surgi\u00f3 la decisi\u00f3n o pasi\u00f3n por dedicarse a ser dise\u00f1ador\/a de interiores?<\/strong><\/p>\n<p>Marta Fern\u00e1ndez- Es una profesi\u00f3n que siempre me llam\u00f3 la atenci\u00f3n. Al tratarse de una profesi\u00f3n que no estaba reglada como grado superior en el momento que me tocaba elegir formaci\u00f3n, decid\u00ed estudiar en su momento dise\u00f1o gr\u00e1fico. Y hace 5 a\u00f1os cuando aparecieron los primeros estudios superiores como dise\u00f1ador de interiores comenc\u00e9 mi formaci\u00f3n y me gradu\u00e9 en 2014.<\/p>\n<p><strong>OH- Cu\u00e9ntanos brevemente c\u00f3mo ha sido tu trayectoria.<\/strong><\/p>\n<p>MF- En mi tercer a\u00f1o de carrera realic\u00e9 el dise\u00f1o y reforma de TostaD\u00b4or, una cafeter\u00eda, restaurante y panader\u00eda con obrador propio en Logro\u00f1o. \u00a0Compaginando a la vez mi formaci\u00f3n y mi trabajo como freelance .<\/p>\n<p>En 2012 creo mi propio estudio de dise\u00f1o comunicarsinpalabras.com. Desarrollando proyectos tanto de Dise\u00f1o Gr\u00e1fico como Dise\u00f1o de Interiores.<\/p>\n<p>En 2014 dise\u00f1\u00e9 un peque\u00f1o local comercial en Logro\u00f1o. 1D\u00eda Especial, se dedican a la venta de productos de fiesta, baby shower, cumplea\u00f1os, aniversarios&#8230;. y dise\u00f1an esos espacios compaginado con dise\u00f1os de escaparatismo.<\/p>\n<p>En 2015 pas\u00e9 una temporada en Madrid en el estudio de M\u00f3nica Diago Arquitectura, fundadora de eltallerdelascosasbonitas.com. Con ella aprend\u00ed como gestionar de forma eficiente los proyectos. Por aquel entonces M\u00f3nica ten\u00eda entre manos 4 proyectos a la vez. Fue una etapa muy bonita y formativa.<\/p>\n<p>A d\u00eda de hoy contin\u00fao trabajando como freelance, colaborando con empresas privadas y agencias de marketing. Haci\u00e9ndoles la vida m\u00e1s f\u00e1cil a todos mis clientes.<\/p>\n<p><strong>OH- \u00bfQu\u00e9 es lo que m\u00e1s te gusta de tu trabajo?<\/strong><\/p>\n<p>MF- Es una profesi\u00f3n bella en todas sus facetas. Desde la investigaci\u00f3n, el proceso creativo, las partidas presupuestarias hasta la ejecuci\u00f3n de la obra. La investigaci\u00f3n te nutre a nivel personal y profesional. El proceso creativo te transporta a un mundo de ilusi\u00f3n.<\/p>\n<p>Las partidas presupuestarias te ponen los pies en el suelo y se convierte en un juego de c\u00f3mo lograr tus objetivos.<\/p>\n<p>La ejecuci\u00f3n de la obra te pone en contacto con diferentes gremios, \u00a0empatizando con los verdaderos hacedores del proyecto.<\/p>\n<p><strong>OH- \u00bfEn qu\u00e9 te inspiras cuando dise\u00f1as?<\/strong><\/p>\n<p>MF- La retroalimentaci\u00f3n, esa es la clave.<\/p>\n<p><strong>OH- \u00bfSigues algunas pautas en concreto para dise\u00f1ar? \u00bfCu\u00e1les?<\/strong><\/p>\n<p>MF- Siempre investigo, miro trabajos de otros dise\u00f1adores y me cuestiono porqu\u00e9 han llegado a esas conclusiones. A partir de ah\u00ed, comienzo a pensar, dibujar, so\u00f1ar&#8230;. Hasta dar con el resultado.<\/p>\n<p><strong>OH- \u00bfQu\u00e9 tiene que tener un dise\u00f1o para que sea un \u00e9xito?<\/strong><\/p>\n<p>MF- Tener muy claro cual es tu p\u00fablico objetivo e indagar en la psicolog\u00eda de esos perfiles, del emplazamiento del local&#8230;. Por supuesto si un dise\u00f1o no funciona, hay errores b\u00e1sicos de proporciones, comodidad, ac\u00fastica, iluminaci\u00f3n. La gente jam\u00e1s estar\u00e1 a gusto en esos espacios. Dise\u00f1amos para las personas.<\/p>\n<p><strong>OH- \u00bfQu\u00e9 materiales nunca combinar\u00edas en un mismo espacio?<\/strong><\/p>\n<p>MF- Nunca combinar\u00eda objetos, materiales, que no van con el perfil de mi p\u00fablico objetivo y mi cliente.<\/p>\n<p><strong>OH- \u00bfHay alg\u00fan apartado del dise\u00f1o que no hayas trabajado y que te gustar\u00eda hacer?<\/strong><\/p>\n<p>MF- Me gustar\u00eda dise\u00f1ar una silla. Reto dif\u00edcil, pero muy apetecible.<\/p>\n<p><strong>OH- Conv\u00e9nceme para que renueve mi casa.<\/strong><\/p>\n<p>MF- Los cambios nos devuelven la ilusi\u00f3n. Y la ilusi\u00f3n es lo \u00fanico que no debemos perder.<\/p>\n<p><strong>OH- \u00bfQu\u00e9 prefieres a la hora de decorar, un estilo \u00fanico o una fusi\u00f3n de estilos?<\/strong><\/p>\n<p>MF- Ambas opciones son v\u00e1lidas. Seg\u00fan sea el proyecto.<\/p>\n<p><strong>OH- \u00bfCrees que la decoraci\u00f3n se rige por modas?<\/strong><\/p>\n<p>MF- En ocasiones si, sobre todo en locales comerciales. Pero apuesto por dise\u00f1os m\u00e1s atemporales.<\/p>\n<p><strong>OH- \u00bfC\u00f3mo crees que se encuentra el sector del interiorismo en la actualidad?<\/strong><\/p>\n<p>MF- Creo que la gente tiene miedo a invertir en general. Y por ello el interiorismo se ha visto afectado como en otros sectores.<\/p>\n<p><strong>OH- De todos los proyectos y dise\u00f1os que ha realizado \u00bfde cu\u00e1l te sientes m\u00e1s satisfecho?<\/strong><\/p>\n<p>MF- El m\u00e1s motivante ha sido TostaD\u00b4or (naming e idea creativa del espacio) con un presupuesto muy ajustado<\/p>\n<p>Otro proyecto importante en mi vida, fue mi proyecto final de carrera. Una tienda de deportes para Barrab\u00e9s, donde obtuve el mejor reconocimiento que se puede adquirir. La mejor calificaci\u00f3n de proyecto final de carrera de mi promoci\u00f3n 2010-2014.<\/p>\n<p><strong>OH- \u00bfCu\u00e1les son tus metas m\u00e1s pr\u00f3ximas y tus planes a largo plazo?<\/strong><\/p>\n<p>MF- Seguir trabajando, aprendiendo y disfrutando con lo que hago.<\/p>\n<p><strong>OH- Para ti cu\u00e1l es el 1,2,3 de la decoraci\u00f3n:<\/strong><\/p>\n<p>MF- <strong>1. <\/strong>Decoraci\u00f3n anal\u00f3gica \u00a0\u00a0<strong>2. <\/strong>Decoraci\u00f3n simb\u00f3lica\u00a0 \u00a0<strong>3. <\/strong>Decoraci\u00f3n ornamental<\/p>\n<p><strong>OH- Respuestas r\u00e1pidas:<\/strong><\/p>\n<p>MF-<\/p>\n<ul>\n<li>Estilo preferido: Atemporal<\/li>\n<li>Estancia favorita a la hora de decorar: Sal\u00f3n-cocina<\/li>\n<li>Mueble preferido: La silla Gaullino de Oscar Tusquets<\/li>\n<li>Material preferido: madera, es un material vivo y por eso me apasiona.<\/li>\n<li>Color preferido: colores tierra.<\/li>\n<li>Dise\u00f1ador\/arquitecto que admiras: Javier Dul\u00edn, profesor de la ESDIR y arquitecto. Admiro sobre todo su pasi\u00f3n y como es capaz de contagiarla. Gran parte de mi enamoramiento hacia esta profesi\u00f3n se debe a \u00e9l.<\/li>\n<\/ul>\n<p>&nbsp;<\/p>\n","protected":false},"excerpt":{"rendered":"<p>&nbsp; Graduada en dise\u00f1o de interiores. Estudi\u00f3 dise\u00f1o web y multimedia en Pamplona, tras terminar complet\u00f3 sus estudios con cursos de dise\u00f1o y multimedia aplicadas a la comunicaci\u00f3n, 3DTUDIO MAX, dise\u00f1o y maquetaci\u00f3n \u00a0Indesign, gesti\u00f3n de color, dise\u00f1o de muebles por ordenador adem\u00e1s de un grado superior en Dise\u00f1o de interiores el Logro\u00f1o. &nbsp; Realizaci\u00f3n [&hellip;]<\/p>\n <a class=\"read-more\" href=\"https:\/\/www.ociohogar.com\/blog\/interioristas\/marta-fernandez-gomez\">Leer m\u00e1s<\/a>","protected":false},"author":23,"featured_media":0,"parent":3286,"menu_order":0,"comment_status":"open","ping_status":"open","template":"","meta":{"ngg_post_thumbnail":0},"_links":{"self":[{"href":"https:\/\/www.ociohogar.com\/blog\/wp-json\/wp\/v2\/pages\/3392"}],"collection":[{"href":"https:\/\/www.ociohogar.com\/blog\/wp-json\/wp\/v2\/pages"}],"about":[{"href":"https:\/\/www.ociohogar.com\/blog\/wp-json\/wp\/v2\/types\/page"}],"author":[{"embeddable":true,"href":"https:\/\/www.ociohogar.com\/blog\/wp-json\/wp\/v2\/users\/23"}],"replies":[{"embeddable":true,"href":"https:\/\/www.ociohogar.com\/blog\/wp-json\/wp\/v2\/comments?post=3392"}],"version-history":[{"count":34,"href":"https:\/\/www.ociohogar.com\/blog\/wp-json\/wp\/v2\/pages\/3392\/revisions"}],"predecessor-version":[{"id":3707,"href":"https:\/\/www.ociohogar.com\/blog\/wp-json\/wp\/v2\/pages\/3392\/revisions\/3707"}],"up":[{"embeddable":true,"href":"https:\/\/www.ociohogar.com\/blog\/wp-json\/wp\/v2\/pages\/3286"}],"wp:attachment":[{"href":"https:\/\/www.ociohogar.com\/blog\/wp-json\/wp\/v2\/media?parent=3392"}],"curies":[{"name":"wp","href":"https:\/\/api.w.org\/{rel}","templated":true}]}}