{"id":3656,"date":"2016-03-04T20:52:14","date_gmt":"2016-03-04T19:52:14","guid":{"rendered":"https:\/\/www.ociohogar.com\/blog\/?page_id=3656"},"modified":"2016-03-04T20:52:14","modified_gmt":"2016-03-04T19:52:14","slug":"proyecto-de-decoracion-vivienda-nueva-en-valladolid","status":"publish","type":"page","link":"https:\/\/www.ociohogar.com\/blog\/proyectos-interiorismo\/proyecto-de-decoracion-vivienda-nueva-en-valladolid","title":{"rendered":"Proyecto de decoraci\u00f3n vivienda nueva en Valladolid"},"content":{"rendered":"<p>Proyecto realizado en Valladolid por J\u00e9ssica G\u00f3mez<\/p>\n<p><iframe loading=\"lazy\" style=\"border: 0;\" src=\"https:\/\/www.google.com\/maps\/embed?pb=!1m18!1m12!1m3!1d47711.64889111176!2d-4.767571934457021!3d41.63460576035582!2m3!1f0!2f0!3f0!3m2!1i1024!2i768!4f13.1!3m3!1m2!1s0xd47728c08c66e93%3A0xb3ff92d41ca26bef!2sValladolid!5e0!3m2!1ses!2ses!4v1456479543324\" width=\"600\" height=\"450\" frameborder=\"0\" allowfullscreen=\"allowfullscreen\"><\/iframe><\/p>\n<p>Para \u00e9ste proyecto los clientes, una pareja joven, requer\u00edan \u00fanicamente servicios de decoraci\u00f3n y asesoramiento en amueblamiento.<\/p>\n<p>Se trata de una vivienda de obra nueva, en <a title=\"Valladolid\" href=\"https:\/\/www.valladolid.es\/en\">Valladolid<\/a>, donde la intervenci\u00f3n se llev\u00f3 a cabo en la cocina, sal\u00f3n, ba\u00f1o principal, sala de estudio y pasillo.<\/p>\n<p>El estilo que se ha seguido en l\u00edneas generales ha sido vanguardista.<\/p>\n<figure id=\"attachment_3658\" aria-describedby=\"caption-attachment-3658\" style=\"width: 640px\" class=\"wp-caption alignleft\"><a href=\"https:\/\/www.ociohogar.com\/blog\/wp-content\/uploads\/2016\/02\/hb3-e1456844599653.jpg\"><img decoding=\"async\" loading=\"lazy\" class=\"wp-image-3658 size-large\" title=\"Dormitorio principal\" src=\"https:\/\/www.ociohogar.com\/blog\/wp-content\/uploads\/2016\/02\/hb3-1024x764.jpg\" alt=\"Dormitorio principal\" width=\"640\" height=\"477\" \/><\/a><figcaption id=\"caption-attachment-3658\" class=\"wp-caption-text\">Dormitorio principal<\/figcaption><\/figure>\n<figure id=\"attachment_3659\" aria-describedby=\"caption-attachment-3659\" style=\"width: 640px\" class=\"wp-caption alignleft\"><a href=\"https:\/\/www.ociohogar.com\/blog\/wp-content\/uploads\/2016\/02\/IMG-20151209-WA0004-e1456844568938.jpg\"><img decoding=\"async\" loading=\"lazy\" class=\"wp-image-3659 size-large\" title=\"Decoraci\u00f3n del sal\u00f3n\" src=\"https:\/\/www.ociohogar.com\/blog\/wp-content\/uploads\/2016\/02\/IMG-20151209-WA0004-765x1024.jpg\" alt=\"Decoraci\u00f3n del sal\u00f3n\" width=\"640\" height=\"856\" \/><\/a><figcaption id=\"caption-attachment-3659\" class=\"wp-caption-text\">Decoraci\u00f3n del sal\u00f3n<\/figcaption><\/figure>\n<figure id=\"attachment_3660\" aria-describedby=\"caption-attachment-3660\" style=\"width: 640px\" class=\"wp-caption alignleft\"><a href=\"https:\/\/www.ociohogar.com\/blog\/wp-content\/uploads\/2016\/02\/IMG-20151212-WA0007-e1456844587468.jpg\"><img decoding=\"async\" loading=\"lazy\" class=\"wp-image-3660 size-large\" title=\"Frontal del comedor\" src=\"https:\/\/www.ociohogar.com\/blog\/wp-content\/uploads\/2016\/02\/IMG-20151212-WA0007-1024x764.jpg\" alt=\"Frontal del comedor\" width=\"640\" height=\"477\" \/><\/a><figcaption id=\"caption-attachment-3660\" class=\"wp-caption-text\">Frontal del comedor<\/figcaption><\/figure>\n<p>&nbsp;<\/p>\n<p>Para la cocina, se eligi\u00f3 mobiliario en negro y naranja, d\u00e1ndole un toque divertido y desenfadado, con los frentes en efecto cristal. Se divide en zona de almacenaje hecho a medida muy \u00fatil, ya que se dispuso un mueble de gavetas, frigor\u00edfico con estanter\u00edas en la parte superior y una columna donde se integr\u00f3 el microondas, horno y cajoneras tanto en la parte superior como inferior; \u00e9sta zona\u00a0 se complement\u00f3 con una mesa y silla para cuatro comensales. Al otro lado, la zona de trabajo, donde la encimera es de granito negro zimbawe, campana decorativa y cabe destacar tambi\u00e9n la elecci\u00f3n de la grifer\u00eda modelo mono mando de aluminio galvanizado negro mate de la l\u00ednea Icon. \u00c9sta estancia goza de buena iluminaci\u00f3n natural ya que tiene salida a una de las tres terrazas de la vivienda, lo que le proporciona esa iluminaci\u00f3n tambi\u00e9n al resto de las estancias, por lo que \u00fanicamente se a\u00f1adieron unos led de bajo consumo.<\/p>\n<p>Para el sal\u00f3n, el mobiliario sigue las l\u00edneas rectas, lacado en blanco y con acabados en vidrio, tanto en puertas como en la mesa de caf\u00e9, mientras que se rompe un poco con la curvatura del sof\u00e1 hecho a medida, en tonos grises y se complet\u00f3 con cojines en el mismo gris y rojo burdeos. La mesa de la zona de comedor, extensible para 12 comensales, competa la estancia.<\/p>\n<p>En cuanto a la pintura, se aplic\u00f3 un estuco veneciano en rojo burdeos para el frente donde se ubica el sof\u00e1, mientras que para el resto se contrasta con un tono m\u00e1s c\u00e1lido, con una pintura acr\u00edlica imitaci\u00f3n al terciopelo, con lo que se enfatiza m\u00e1s si cabe la propia iluminaci\u00f3n natural de la estancia, que tambi\u00e9n cuenta con salida a otra de las terrazas. Respecto a la iluminaci\u00f3n, se utilizaron l\u00e1mparas colgantes, siguiendo el blanco y vidrio del mobiliario escogido.<\/p>\n<p>El pasillo, que hace de distribuidor para las diferentes estancias, se trat\u00f3 en tonos ocre con un estuco veneciano, \u00e9ste tono hace que el pasillo, por norma general m\u00e1s apagado, de la sensaci\u00f3n de mayor amplitud y luminosidad. Se complementa con la utilizaci\u00f3n de leds de bajo consumo.<\/p>\n<p>A trav\u00e9s de \u00e9l, llegamos a la habitaci\u00f3n principal, donde se mim\u00f3 mucho el detalle. El mobiliario se eligi\u00f3 siguiendo la misma l\u00ednea vanguardista que en el resto de la vivienda, y se rompe un poco con las l\u00e1mparas tanto colgante como las de las mesitas de noche, las cuales fueron adquiridas por la pareja en uno de sus viajes a Turqu\u00eda, su iluminaci\u00f3n m\u00e1s tenue que cualquier otra, le da el toque de paz y serenidad que se buscaba para \u00e9sta estancia.<\/p>\n<p>Al frente del dormitorio, se puede apreciar un mural que me encargaron a t\u00edtulo personal y que realic\u00e9 con mucha ilusi\u00f3n; Se trata de una reproducci\u00f3n de una de las m\u00edticas calles de Valldemossa en <a title=\"Palma de Mallorca\" href=\"http:\/\/www.palmademallorca.es\/portal\/PALMA\/home.jsp?codResi=1\">Palma de Mallorca<\/a>, realizada a base de cales te\u00f1idas y pintura acr\u00edlica, terminado con un fijador.<\/p>\n<p>El ba\u00f1o principal, se intervino quitando el bid\u00e9 para ganar espacio y poder as\u00ed tener una zona de almacenaje, a petici\u00f3n de los clientes, y en la ba\u00f1era se instal\u00f3 una mampara de vidrio templado corredera de tres hojas. Se sigue la misma l\u00ednea vanguardista y el acabado en tonos tierra.<\/p>\n<p>Por \u00faltimo la sala de estudio, donde se quiso dar un poco de diversi\u00f3n para quitar un poco la seriedad que un lugar de trabajo a veces implica, esto se consigui\u00f3 inspirando la decoraci\u00f3n de la estancia en parch\u00eds, en sus colores, que se pueden ver tanto en las paredes, cada una de un color como en el sof\u00e1-cama, que se pens\u00f3 para posibles invitados, tambi\u00e9n hecho a medida, como en los cubos de estanter\u00eda que se situaron en el lateral. Para completar, se dispuso una mesa de trabajo corrida para dos puestos.<\/p>\n<p>El resultado fue una vivienda c\u00f3moda, funcional y complementada adem\u00e1s con peque\u00f1os detalles decorativos que ellos mismos han ido obteniendo en sus viajes, y que le termina de dar a la vivienda ese toque que la diferencia del resto.<\/p>\n<p>&nbsp;<\/p>\n<figure id=\"attachment_3661\" aria-describedby=\"caption-attachment-3661\" style=\"width: 640px\" class=\"wp-caption alignleft\"><a href=\"https:\/\/www.ociohogar.com\/blog\/wp-content\/uploads\/2016\/02\/IMG-20151212-WA0013-e1456844433223.jpg\"><img decoding=\"async\" loading=\"lazy\" class=\"wp-image-3661 size-large\" title=\"Sal\u00f3n-comedor\" src=\"https:\/\/www.ociohogar.com\/blog\/wp-content\/uploads\/2016\/02\/IMG-20151212-WA0013-1024x765.jpg\" alt=\"Sal\u00f3n-comedor\" width=\"640\" height=\"478\" \/><\/a><figcaption id=\"caption-attachment-3661\" class=\"wp-caption-text\">Sal\u00f3n-comedor<\/figcaption><\/figure>\n<figure id=\"attachment_3346\" aria-describedby=\"caption-attachment-3346\" style=\"width: 300px\" class=\"wp-caption alignleft\"><a href=\"https:\/\/www.ociohogar.com\/blog\/interioristas\/jessica-gomez-dominguez\"><img decoding=\"async\" loading=\"lazy\" class=\"wp-image-3346 size-medium\" src=\"https:\/\/www.ociohogar.com\/blog\/wp-content\/uploads\/2016\/01\/foto-perfil-p\u00e1gina-300x300.jpg\" alt=\"J\u00e9ssica G\u00f3mez Dom\u00ednguez\" width=\"300\" height=\"300\" srcset=\"https:\/\/www.ociohogar.com\/blog\/wp-content\/uploads\/2016\/01\/foto-perfil-p\u00e1gina-300x300.jpg 300w, https:\/\/www.ociohogar.com\/blog\/wp-content\/uploads\/2016\/01\/foto-perfil-p\u00e1gina-150x150.jpg 150w, https:\/\/www.ociohogar.com\/blog\/wp-content\/uploads\/2016\/01\/foto-perfil-p\u00e1gina.jpg 800w\" sizes=\"(max-width: 300px) 100vw, 300px\" \/><\/a><figcaption id=\"caption-attachment-3346\" class=\"wp-caption-text\">Foto de perfil de J\u00e9ssica G\u00f3mez Dom\u00ednguez<\/figcaption><\/figure>\n<p><strong>T\u00e9cnico Superior de proyectos y direcci\u00f3n de obras de decoraci\u00f3n.\u00a0<\/strong>Estudi\u00f3 en la escuela de Arte de Valladolid, tras finalizar complet\u00f3 sus estudios con\u00a0una diplomatura en Dise\u00f1o de Interiores en la escuela de Arte y Superior de Dise\u00f1o de Zamora. <a href=\"https:\/\/www.ociohogar.com\/blog\/interioristas\/jessica-gomez-dominguez\">Ver perfil<\/a><\/p>\n","protected":false},"excerpt":{"rendered":"<p>Proyecto realizado en Valladolid por J\u00e9ssica G\u00f3mez Para \u00e9ste proyecto los clientes, una pareja joven, requer\u00edan \u00fanicamente servicios de decoraci\u00f3n y asesoramiento en amueblamiento. Se trata de una vivienda de obra nueva, en Valladolid, donde la intervenci\u00f3n se llev\u00f3 a cabo en la cocina, sal\u00f3n, ba\u00f1o principal, sala de estudio y pasillo. El estilo que [&hellip;]<\/p>\n <a class=\"read-more\" href=\"https:\/\/www.ociohogar.com\/blog\/proyectos-interiorismo\/proyecto-de-decoracion-vivienda-nueva-en-valladolid\">Leer m\u00e1s<\/a>","protected":false},"author":23,"featured_media":0,"parent":3589,"menu_order":0,"comment_status":"open","ping_status":"open","template":"","meta":{"ngg_post_thumbnail":0},"_links":{"self":[{"href":"https:\/\/www.ociohogar.com\/blog\/wp-json\/wp\/v2\/pages\/3656"}],"collection":[{"href":"https:\/\/www.ociohogar.com\/blog\/wp-json\/wp\/v2\/pages"}],"about":[{"href":"https:\/\/www.ociohogar.com\/blog\/wp-json\/wp\/v2\/types\/page"}],"author":[{"embeddable":true,"href":"https:\/\/www.ociohogar.com\/blog\/wp-json\/wp\/v2\/users\/23"}],"replies":[{"embeddable":true,"href":"https:\/\/www.ociohogar.com\/blog\/wp-json\/wp\/v2\/comments?post=3656"}],"version-history":[{"count":10,"href":"https:\/\/www.ociohogar.com\/blog\/wp-json\/wp\/v2\/pages\/3656\/revisions"}],"predecessor-version":[{"id":3710,"href":"https:\/\/www.ociohogar.com\/blog\/wp-json\/wp\/v2\/pages\/3656\/revisions\/3710"}],"up":[{"embeddable":true,"href":"https:\/\/www.ociohogar.com\/blog\/wp-json\/wp\/v2\/pages\/3589"}],"wp:attachment":[{"href":"https:\/\/www.ociohogar.com\/blog\/wp-json\/wp\/v2\/media?parent=3656"}],"curies":[{"name":"wp","href":"https:\/\/api.w.org\/{rel}","templated":true}]}}